 the tens digit of o(-19)?
0
Let v(l) = l**3 - l**2 - l - 1. Let y be v(-1). What is the hundreds digit of ((-594)/(-36))/(y/(-48))?
3
Let a = 123 + 62. Let o(c) = 2*c**3 + 40*c**2 - 2*c - 36. Let d be o(-20). Suppose d*k = -k + a. What is the tens digit of k?
3
Let p be ((-72)/(-16))/((-6)/(-4)). Suppose p*i = -4*d + 7*i + 984, -3*d - 4*i + 773 = 0. What is the hundreds digit of d?
2
Suppose 5*m - 8 = -2*t, 0 = 5*t - 3*m + m - 20. Suppose 0 = -5*j + 2*b + 492 + 453, -2*j + t*b = -378. What is the hundreds digit of j?
1
Suppose w = -z + 2*w - 41, 3*z + 125 = 5*w. Let l be z - (11 + -7)/(-2 - -1). What is the units digit of (-6652)/l - (-2)/9?
5
What is the ten thousands digit of (-26 + 1200/45)*(-377127)/(-6)?
4
Let u(i) be the second derivative of 2*i**5/5 + i**4/4 + 3*i**2 - 14*i + 4. What is the units digit of u(3)?
9
Suppose -730 = -26*d + 28*d - 2*n, 2*d + 723 = -5*n. Let a = 19 - d. What is the tens digit of a?
8
Let o be (-7707)/14*(-8)/3. Suppose -o = -4*l - 124. Suppose -6*k - l = -8*k. What is the units digit of k?
8
Suppose -2*c + 0*x + x + 76 = 0, -41 = -c + 2*x. Let w = c + -6. Let a = -6 + w. What is the units digit of a?
5
Suppose -3*r - 5*f + 18 - 5 = 0, -2*r + 5*f - 8 = 0. What is the tens digit of 153 + (r - (0 - -5))?
4
Let o = 142 - 136. Suppose -4*g + 4*v + 5 = -g, -o = -g - 3*v. Suppose 2*z = -w + 24 + 65, -g*w + 270 = 5*z. What is the units digit of w?
5
Let v = 91 + -68. Suppose -v*f + 851 = -5888. What is the hundreds digit of f?
2
Suppose 133*p - 337743 = 70*p. What is the tens digit of p?
6
Let j(a) = -5*a - 49. Let p be j(-12). Suppose 4*m - 7410 = -p*m. What is the tens digit of m?
9
Suppose -2*q + 0*q = 0. Let u be -134 + (-4 - (q + -4)). Let x = u + 192. What is the units digit of x?
8
Suppose 0 = -h - 2, 4*r - 2*h = 7388 + 7108. Let a = -2129 + r. What is the hundreds digit of a/6*2/3?
1
Let n = -67 - -80. Suppose -n*y - 208 = -1989. Suppose 263 + 5 = 4*g - 4*l, 2*g + l = y. What is the tens digit of g?
6
Let g(c) = 21*c**3 + 5*c**2 + 16*c + 76. What is the tens digit of g(6)?
8
Let q = -31108 - -64262. What is the ten thousands digit of q?
3
Let c = -8445 - -13422. What is the units digit of c?
7
Let w(s) = 3*s**2 - 3*s - 1577. What is the units digit of w(41)?
3
Suppose m + 39*m = 240. Suppose -3*x + m = -0*x, -3*l = 5*x - 3661. What is the thousands digit of l?
1
Let x(u) = 17011*u**2 - 4. What is the thousands digit of x(-1)?
7
Let y(i) = 4227*i - 6718. What is the units digit of y(6)?
4
Suppose 0 = 67*n - 861900 - 873869. What is the tens digit of n?
0
Let v be (-66)/(-15) + 6/(-15). Suppose 0 = -v*w + 16, 0*r - w = -4*r - 20. Let k(b) = 16*b**2 - 3*b + 4. What is the tens digit of k(r)?
7
Suppose -184180 = -3*x - 2*w, 26*w - 29*w + 61405 = x. What is the thousands digit of x?
1
Let r = -129 + 414. Let k be 1/4 + r/12. What is the hundreds digit of (38/k - 1/3)*100?
1
Let b(u) = 3*u**3 - 2*u + 3314. What is the hundreds digit of b(0)?
3
Let o = 72891 - 40799. What is the units digit of o?
2
Let d be 5349/5 + (18/15 - 1). Let p = -556 + d. What is the tens digit of p?
1
Suppose -9*c = -1901 - 1474. Suppose -c*y = -366*y - 11025. What is the tens digit of y?
2
Let y = -14828 - -25104. What is the thousands digit of y?
0
Suppose 0 = 71*s - 70*s + 2840. What is the units digit of s/(-80) - (-2)/(4/3)?
7
Let d = -128 + 72. Let z = d + 56. Suppose z = -5*s + 4*k + 545, 327 = -0*s + 3*s - 3*k. What is the hundreds digit of s?
1
Let b = -16167 - -47292. What is the thousands digit of b?
1
Let c(l) = 5970*l + 4359. What is the ten thousands digit of c(13)?
8
Let y(i) = -i**3 - 7*i**2 - 10*i - 11. Let c be y(-6). Suppose 2127 = -c*d - 382. Let m = -47 - d. What is the hundreds digit of m?
1
Let z be (190/(-5))/((-2)/(-4)). Let r = z - -20. What is the tens digit of r/10*10/(-4)?
1
Suppose -15*d + 11*d = -12. Suppose -5*n + 116 + 4 = -5*j, -8 = -n - d*j. Let c = 36 + n. What is the units digit of c?
6
Suppose 115*g = -117*g + 192*g + 427800. What is the ten thousands digit of g?
1
Let n(a) = -72*a. Let c = 245 + -250. What is the units digit of n(c)?
0
Suppose -4*n - 1799 = -2*n + 3*p, 0 = 4*n + 4*p + 3596. Let f = -553 - n. What is the tens digit of f?
4
Let b be 2 - (-1)/1 - -2. Let l be (11 - 13) + 398 + 0. Suppose 2*k + 228 = 3*t, -b*t + l = -0*t + 2*k. What is the tens digit of t?
7
What is the units digit of ((-13905)/(-90))/(2/(-4))*349/(-3)?
7
Let n = 4154 + -7698. What is the tens digit of n/(-4) + (-56)/(-7)?
9
Let a(n) = 12*n**3 - 2*n**2 + 6*n + 14. Let c be a(5). Suppose 8*l + c = 10590. What is the tens digit of l?
3
Suppose 7*q = f + 8*q - 3469, 10*f - q - 34723 = 0. What is the thousands digit of f?
3
Suppose 5*l + 8 + 0 = 3*g, -4*g + 49 = l. Suppose -4*m + g*s + 7563 = 12*s, 4*s + 9480 = 5*m. What is the tens digit of m?
9
Suppose 0 = 45*y - 163589 - 61366. What is the thousands digit of y?
4
Let j(y) = -77*y - 969. What is the units digit of j(-21)?
8
Let x(v) = 2282*v**2 + 85*v - 26. What is the hundreds digit of x(3)?
7
Let k = 169 - 166. Suppose -7*p + 1076 = -k*p. What is the hundreds digit of p?
2
Suppose 5*a = s + 137, -2*a + 0*a = 3*s - 65. Suppose -4*p + 20 = 0, 5*p - 26 - a = -o. Let f = o - -42. What is the tens digit of f?
7
Let t(c) = 20*c - 8. Let g(j) be the first derivative of 21*j**2/2 - 7*j + 27. Let l(d) = 4*g(d) - 3*t(d). What is the tens digit of l(1)?
2
What is the hundreds digit of 100868/6 + (-1 - 0) - 186/(-279)?
8
Let x(p) be the third derivative of -p**6/120 + 13*p**5/30 + p**4/24 + 7*p**3 - 209*p**2. What is the hundreds digit of x(24)?
2
What is the thousands digit of (0 - 219500/(-28)) + ((-32)/14 - -2)?
7
Let j(i) = 2*i**3 - i**2 + 2*i - 16. Let o be j(6). Suppose 0 = -6*x + 10*x - o. Let q = x - 72. What is the units digit of q?
6
Let f(j) = 2*j**3 - 4*j**2 + 32*j - 336. What is the tens digit of f(8)?
8
Let t = -43134 + 74162. What is the thousands digit of t?
1
Suppose 51*v - 669792 + 73704 = 0. What is the tens digit of v?
8
Let i(z) be the second derivative of z**5/20 + z**4 - 5*z**3/6 - 9*z**2 - 83*z. What is the tens digit of i(-12)?
4
Let f = 12 + -27. Let l(k) = k**3 + 17*k**2 + 15*k - 13. Let g be l(f). Suppose m + m = g. What is the tens digit of m?
0
What is the units digit of (102/18)/(14/12138)?
3
Let w be 5/(2 - 34/18). Let c(t) = 4*t**2 - 28*t - 59. Let n be c(9). Suppose 0 = -f - a + n, f - 3*a = -2*f + w. What is the tens digit of f?
1
Let y(j) be the first derivative of j**4/4 + 3*j**3 - 15*j**2/2 - 44*j + 71. What is the tens digit of y(-9)?
9
Suppose 6*i - 4*o - 90582 = 4*i, 0 = i - 5*o - 45315. What is the ten thousands digit of i?
4
Suppose 329*f = l + 332*f - 23116, 0 = -l - 2*f + 23115. What is the ten thousands digit of l?
2
What is the thousands digit of -11*(-1868 + (-50)/10)?
0
Let h = 52 + -46. Suppose -h*l + 285 = -l. Suppose 3*i + l = 4*i. What is the tens digit of i?
5
Let j = 11398 - -9065. What is the units digit of j?
3
Let n(f) = -16*f**3 + 3*f**2 + 5*f + 6. Let u be n(5). Let q = 2901 + u. What is the tens digit of q?
0
Suppose -d = -2*t + 1548, -5*t - 5*d - 1107 = -5007. Let g = t + -479. What is the hundreds digit of g?
2
Let h be (2 + -6)*(-194)/8 - -2. Let p = -21 + 58. Let x = h - p. What is the tens digit of x?
6
Let v(t) = t**3 + 152*t**2 - 211*t + 834. What is the units digit of v(-153)?
8
Suppose -28*g + 44662 = 12350. Let z = 1776 - g. What is the units digit of z?
2
Let l(u) = 5*u + 7. Let p = -206 - -234. What is the units digit of l(p)?
7
What is the hundreds digit of (-357075)/(-81) + (-1 - (-4)/6)?
4
Suppose -1523 = -5*s + 132*p - 128*p, 616 = 2*s - 5*p. What is the hundreds digit of s?
3
Let u(l) = -190 + 42 + 45 - 23*l + 45 + 44. Suppose 3*z + 35 = -2*z. What is the hundreds digit of u(z)?
1
Let h(l) = -l**2 + 17*l - 42. Let j be h(4). What is the units digit of j/4 - (-6743)/22?
9
Suppose -4*j + 21 = -a, -5*a - 19 = 5*j - 39. Suppose -9*w + 330 = j*q - 14*w, 2*q = -5*w + 139. What is the units digit of q?
7
Let s(i) = 32*i**2 + 16*i - 8. Let p be s(-3). Let n = p + 290. What is the tens digit of n?
2
Let x(j) = -7*j - 17. Let o = -48 - -57. Suppose -2*b - o = b. What is the units digit of x(b)?
4
Let n be ((-5)/1 + 5)/(-5). Suppose 3*h + 3*x - 2435 = -h, 3*h - 4*x - 1795 = n. What is the units digit of h?
5
Let 